
Is 36080185 prime?
False
Is 22400957 a composite number?
False
Is 837307 composite?
False
Is 22874071 composite?
True
Is 341641 composite?
False
Is 608227 a composite number?
True
Is 143131057 a composite number?
False
Is 120842459 a prime number?
True
Is 2853667 composite?
True
Is 9348953 prime?
False
Is 2351441 composite?
False
Is 78397603 a prime number?
False
Is 374836669 a prime number?
True
Is 39167 prime?
False
Is 16097951 prime?
True
Is 15639493 composite?
True
Is 204376477 composite?
True
Is 1185168185 a composite number?
True
Is 187670299 prime?
True
Is 369948287 a prime number?
True
Is 18953213 prime?
False
Is 10476497 a prime number?
True
Is 309667 a prime number?
True
Is 6034843 composite?
True
Is 8358143 a prime number?
True
Is 178243781 composite?
False
Is 15108593 a composite number?
False
Is 64038629 a composite number?
False
Is 4949141 composite?
False
Is 275553287 a prime number?
False
Is 28498682 a composite number?
True
Is 3733771 prime?
True
Is 18549031 a prime number?
False
Is 4010557 a prime number?
False
Is 6110357 a composite number?
True
Is 5240047 a prime number?
False
Is 3751501 composite?
True
Is 1383649 prime?
False
Is 6471949 a prime number?
False
Is 60608263 a prime number?
True
Is 112813579 a composite number?
False
Is 9060137 prime?
False
Is 48829741 prime?
False
Is 3449549 a prime number?
True
Is 241260557 composite?
False
Is 7302281 prime?
False
Is 96947233 a composite number?
False
Is 7400101 prime?
False
Is 30585859 a prime number?
False
Is 2898793 prime?
True
Is 81373631 a prime number?
True
Is 9207503 a composite number?
False
Is 38355841 composite?
True
Is 1002352469 a composite number?
False
Is 29281181 prime?
False
Is 224342879 composite?
False
Is 102324031 prime?
True
Is 2749966 composite?
True
Is 231943 prime?
True
Is 8207239 a prime number?
False
Is 286527473 prime?
True
Is 41437 prime?
False
Is 113793371 a composite number?
False
Is 95230409 a prime number?
False
Is 11342479 a composite number?
False
Is 27663611 a composite number?
False
Is 873293 prime?
True
Is 16519 a prime number?
True
Is 16684931 composite?
False
Is 344045701 composite?
True
Is 438731407 composite?
False
Is 355981 prime?
False
Is 909932341 a prime number?
False
Is 446179 composite?
False
Is 79831 a composite number?
True
Is 3649549 prime?
True
Is 26074547 a prime number?
True
Is 61840221 a composite number?
True
Is 695925079 a prime number?
False
Is 3666379 a prime number?
False
Is 58623991 composite?
True
Is 3629191 a composite number?
True
Is 318523 prime?
True
Is 498227 prime?
True
Is 297882241 a composite number?
False
Is 261253 a composite number?
True
Is 3221319 a composite number?
True
Is 16348197 composite?
True
Is 4639297 a composite number?
True
Is 6000149 a composite number?
False
Is 661721 composite?
False
Is 25422431 a prime number?
True
Is 71876911 prime?
False
Is 34559341 a prime number?
True
Is 282760399 a prime number?
True
Is 69653 composite?
False
Is 13652542 prime?
False
Is 32552147 a composite number?
False
Is 36061001 prime?
True
Is 37181021 a prime number?
False
Is 10561197 prime?
False
Is 126491723 prime?
True
Is 36667277 composite?
False
Is 5791861 a prime number?
False
Is 1424207 composite?
True
Is 154620827 a prime number?
False
Is 410998607 prime?
True
Is 56591669 composite?
False
Is 2760367 a composite number?
True
Is 5089543 a prime number?
False
Is 8986841 a composite number?
False
Is 8591927 a composite number?
False
Is 26794081 a composite number?
False
Is 31501361 a prime number?
True
Is 2377411 a composite number?
False
Is 569567 composite?
True
Is 10723561 a prime number?
True
Is 27855889 a prime number?
True
Is 50141807 composite?
False
Is 1104137 prime?
True
Is 1078618583 a composite number?
True
Is 2056459 a composite number?
False
Is 64271 prime?
True
Is 192113 composite?
False
Is 32548745 a composite number?
True
Is 10427029 prime?
False
Is 148433533 a prime number?
False
Is 2337239 prime?
False
Is 28725401 a prime number?
True
Is 88668199 a composite number?
True
Is 70970147 a composite number?
True
Is 1118391 prime?
False
Is 193766821 a composite number?
True
Is 10577681 composite?
False
Is 8583553 prime?
False
Is 10406213 a composite number?
True
Is 151038193 a composite number?
True
Is 3594478 composite?
True
Is 64961339 a prime number?
False
Is 90424817 prime?
False
Is 18686293 a prime number?
False
Is 25728311 a composite number?
True
Is 1361357 prime?
True
Is 2761877 prime?
True
Is 26332333 a composite number?
True
Is 346943267 a prime number?
False
Is 91187539 composite?
False
Is 6626639 composite?
False
Is 50391941 prime?
True
Is 1244173 composite?
True
Is 19224659 a prime number?
True
Is 48810589 a composite number?
True
Is 79278715 a composite number?
True
Is 10415729 a prime number?
False
Is 95142217 a composite number?
True
Is 8672861 prime?
True
Is 730749997 a prime number?
False
Is 4798901 prime?
True
Is 1038119 prime?
True
Is 15124511 a composite number?
False
Is 154241653 a prime number?
True
Is 11390623 a prime number?
False
Is 79197674 a prime number?
False
Is 14160787 a composite number?
True
Is 2434793 prime?
False
Is 111918791 a prime number?
False
Is 9670849 a composite number?
False
Is 133481 a prime number?
True
Is 2444639 a prime number?
True
Is 4795481 a prime number?
True
Is 5937469 composite?
False
Is 20474411 a composite number?
False
Is 28619221 a prime number?
True
Is 11549411 composite?
False
Is 181025665 a prime number?
False
Is 68410949 a composite number?
True
Is 3396787 prime?
False
Is 27610223 a composite number?
False
Is 48637487 prime?
False
Is 274857001 prime?
True
Is 95054899 a prime number?
False
Is 2068811 a composite number?
False
Is 41333393 composite?
False
Is 19052689 prime?
True
Is 6236089 a composite number?
False
Is 70451 a composite number?
False
Is 3374157 a composite number?
True
Is 76803442 composite?
True
Is 512633881 a composite number?
False
Is 2051347 a prime number?
False
Is 75984341 a composite number?
True
Is 2696903 composite?
True
Is 714041 composite?
True
Is 3373753 prime?
True
Is 6642539 a prime number?
True
Is 49683131 a prime number?
False
Is 52202491 a composite number?
True
Is 3731731 prime?
True
Is 7434191 a composite number?
False
Is 50228483 composite?
False
Is 37383134 composite?
True
Is 40476569 a composite number?
True
Is 247706513 a composite number?
False
Is 96461407 a prime number?
False
Is 3666503 prime?
False
Is 19526289 prime?
False
Is 6528293 prime?
False
Is 190129 composite?
False
Is 195943871 composite?
True
Is 52620913 composite?
False
Is 302038978 a prime number?
False
Is 1265233 composite?
False
Is 1325309 a prime number?
True
Is 1036183 prime?
True
Is 29928887 a prime number?
False
Is 74834965 a prime number?
False
Is 16418617 prime?
False
Is 490937 a prime number?
True
Is 18586597 prime?
True
Is 431311 a prime number?
True
Is 5434711 a composite number?
True
Is 2246339 composite?
False
Is 1865203 prime?
True
Is 324018587 a prime number?
True
Is 58898557 prime?
False
Is 31019569 composite?
True
Is 3184223 a prime number?
False
Is 145940233 composite?
False
Is 31475579 a prime number?
True
Is 1558955 a composite number?
True
Is 5699053 composite?
False
Is 47919947 a prime number?
False
Is 14019779 a prime number?
False
Is 279421411 composite?
True
Is 1663073 a composite number?
False
Is 43053587 a prime number?
True
Is 225844459 composite?
False
Is 55546121 prime?
True
Is 72746747 prime?
False
Is 1248721 composite?
False
Is 283763 a prime number?
True
Is 1139477 composite?
True
Is 16298791 composite?
False
Is 122960573 a prime number?
True
Is 1808531 a composite number?
True
Is 65432249 a composite number?
False
Is 1845733 a prime number?
False
Is 4141799 a composite number?
False
Is 12816701 a prime number?
False
Is 5832007 prime?
True
Is 2150349 a composite number?
True
Is 68658701 a prime number?
True
Is 13193777 prime?
True
Is 17127001 composite?
False
Is 313649907 prime?
False
Is 32025111 prime?
False
Is 1658827 prime?
True
Is 576119 prime?
True
Is 32972629 a composite number?
True
Is 1067137 prime?
True
Is 1298467 composite?
False
Is 290910887 a composite number?
True
Is 128975123 a prime number?
True
Is 103620103 a prime number?
False
Is 1005779 composite?
True
Is 61560139 prime?
True
I